 43.
30
What is the remainder when 4820 is divided by 143?
101
What is the remainder when 13090 is divided by 14?
0
Calculate the remainder when 679 is divided by 675.
4
What is the remainder when 1777 is divided by 114?
67
Calculate the remainder when 251552 is divided by 11434.
4
Calculate the remainder when 33962 is divided by 34.
30
Calculate the remainder when 5875 is divided by 95.
80
What is the remainder when 34314 is divided by 34310?
4
What is the remainder when 4974 is divided by 60?
54
Calculate the remainder when 9216 is divided by 4601.
14
Calculate the remainder when 98914 is divided by 102.
76
What is the remainder when 20314 is divided by 17?
16
What is the remainder when 2648975 is divided by 1903?
1902
What is the remainder when 6680 is divided by 1567?
412
What is the remainder when 1666 is divided by 340?
306
Calculate the remainder when 141827 is divided by 99.
59
What is the remainder when 15375 is divided by 62?
61
Calculate the remainder when 3244 is divided by 1072.
28
What is the remainder when 23092 is divided by 854?
34
Calculate the remainder when 862 is divided by 277.
31
What is the remainder when 6971 is divided by 537?
527
Calculate the remainder when 611934 is divided by 23.
19
Calculate the remainder when 3249 is divided by 1079.
12
Calculate the remainder when 2154 is divided by 31.
15
What is the remainder when 10216 is divided by 292?
288
Calculate the remainder when 12450 is divided by 900.
750
Calculate the remainder when 55938 is divided by 117.
12
Calculate the remainder when 61249 is divided by 1034.
243
Calculate the remainder when 20425 is divided by 1235.
665
What is the remainder when 170367 is divided by 128?
127
What is the remainder when 439 is divided by 284?
155
What is the remainder when 3447 is divided by 760?
407
What is the remainder when 1874023 is divided by 19?
15
What is the remainder when 3619 is divided by 2686?
933
What is the remainder when 24288 is divided by 139?
102
Calculate the remainder when 175308 is divided by 253.
232
What is the remainder when 310004 is divided by 30995?
54
Calculate the remainder when 9995 is divided by 2309.
759
What is the remainder when 1259883 is divided by 20998?
3
Calculate the remainder when 12924 is divided by 264.
252
What is the remainder when 34496 is divided by 304?
144
Calculate the remainder when 26438 is divided by 13.
9
Calculate the remainder when 1338 is divided by 1335.
3
What is the remainder when 35090 is divided by 21?
20
Calculate the remainder when 725767 is divided by 9.
7
What is the remainder when 44607 is divided by 7293?
849
What is the remainder when 283271 is divided by 22?
21
Calculate the remainder when 2487 is divided by 157.
132
Calculate the remainder when 38312 is divided by 121.
76
Calculate the remainder when 199300 is divided by 15.
10
What is the remainder when 138555 is divided by 44?
43
What is the remainder when 472545 is divided by 17?
13
Calculate the remainder when 5753 is divided by 41.
13
What is the remainder when 2143745 is divided by 843?
839
Calculate the remainder when 18028 is divided by 3000.
28
What is the remainder when 2315 is divided by 1121?
73
Calculate the remainder when 13337 is divided by 555.
17
Calculate the remainder when 8314 is divided by 288.
250
What is the remainder when 20661 is divided by 88?
69
Calculate the remainder when 2360731 is divided by 14483.
2
Calculate the remainder when 7570 is divided by 756.
10
What is the remainder when 16331 is divided by 583?
7
Calculate the remainder when 679306 is divided by 21.
19
Calculate the remainder when 5769 is divided by 52.
49
What is the remainder when 16397 is divided by 78?
17
Calculate the remainder when 37855 is divided by 18910.
35
What is the remainder when 98574 is divided by 3942?
24
Calculate the remainder when 104743 is divided by 17455.
13
What is the remainder when 5760 is divided by 1745?
525
Calculate the remainder when 10697 is divided by 984.
857
Calculate the remainder when 5056 is divided by 458.
18
Calculate the remainder when 30749 is divided by 15.
14
What is the remainder when 60090 is divided by 22?
8
Calculate the remainder when 6245 is divided by 3114.
17
Calculate the remainder when 348321 is divided by 10885.
1
What is the remainder when 5097405 is divided by 8?
5
What is the remainder when 109592 is divided by 562?
2
What is the remainder when 4536 is divided by 1495?
51
What is the remainder when 1023 is divided by 365?
293
What is the remainder when 7732 is divided by 427?
46
What is the remainder when 210095 is divided by 50?
45
What is the remainder when 113402 is divided by 14?
2
What is the remainder when 36164 is divided by 338?
336
Calculate the remainder when 43030 is divided by 7167.
28
Calculate the remainder when 43798 is divided by 14.
6
Calculate the remainder when 35295 is divided by 5031.
78
Calculate the remainder when 28639 is divided by 4053.
268
Calculate the remainder when 102800 is divided by 76.
48
Calculate the remainder when 57761 is divided by 38.
1
Calculate the remainder when 10054 is divided by 3314.
112
Calculate the remainder when 18062 is divided by 1065.
1022
What is the remainder when 26632 is divided by 165?
67
What is the remainder when 39227 is divided by 2614?
17
What is the remainder when 36251 is divided by 76?
75
What is the remainder when 142057 is divided by 71?
57
What is the remainder when 39328 is divided by 423?
412
Calculate the remainder when 10890 is divided by 10793.
97
Calculate the remainder when 26151 is divided by 185.
66
What is the remainder when 5562 is divided by 580?
342
What is the remainder when 775978 is divided by 258644?
46
What is the remainder when 19206 is divided by 163?
135
What is the remainder when 20215 is divided by 152?
151
What is the remainder when 89205 is divided by 108?
105
What is the remainder when 64996 is divided by 261?
7
Calculate the remainder when 19770 is divided by 418.
124
What is the remainder when 2058 is divided by 41?
8
What is the remainder when 2090 is divided by 692?
14
What is the remainder when 71388 is divided by 242?
240
What is the remainder when 11891 is divided by 3961?
8
Calculate the remainder when 102274 is divided by 20451.
19
Calculate the remainder when 1570 is divided by 25.
20
Calculate the remainder when 336346 is divided by 155.
151
What is the remainder when 230226 is divided by 25?
1
What is the remainder when 1336659 is divided by 65?
64
Calculate the remainder when 77934 is divided by 19432.
206
Calculate the remainder when 31361 is divided by 1421.
99
Calculate the remainder when 9679 is divided by 110.
109
Calculate the remainder when 45685 is divided by 544.
533
What is the remainder when 56764 is divided by 1892?
4
Calculate the remainder when 2274696 is divided by 142.
140
Calculate the remainder when 7802 is divided by 148.
106
What is the remainder when 506690 is divided by 150?
140
What is the remainder when 3801 is divided by 948?
9
Calculate the remainder when 9908 is divided by 4875.
158
What is the remainder when 215956 is divided by 71977?
25
What is the remainder when 12540 is divided by 3070?
260
What is the remainder when 1541052 is divided by 40?
12
Calculate the remainder when 21285 is divided by 979.
726
Calculate the remainder when 6465 is divided by 212.
105
Calculate the remainder when 39340 is divided by 21.
7
What is the remainder when 333175 is divided by 41646?
7
Calculate the remainder when 506 is divided by 94.
36
What is the remainder when 1131 is divided by 558?
15
What is the remainder when 95101 is divided by 33?
28
Calculate the remainder when 3834 is divided by 1914.
6
What is the remainder when 25213 is divided by 25094?
119
Calculate the remainder when 181470 is divided by 26.
16
What is the remainder when 631396 is divided by 287?
283
What is the remainder when 6701 is divided by 1667?
33
What is the remainder when 8211 is divided by 4093?
25
What is the remainder when 138077 is divided by 10?
7
What is the remainder when 684436 is divided by 113?
108
Calculate the remainder when 63186 is divided by 15796.
2
What is the remainder when 12588 is divided by 1936?
972
Calculate the remainder when 1022747 is divided by 32.
27
Calculate the remainder wh